at is the remainder when 291 is divided by 67?
23
Calculate the remainder when 3061 is divided by 2655.
406
Calculate the remainder when 887131 is divided by 309.
301
What is the remainder when 9930 is divided by 1654?
6
What is the remainder when 513 is divided by 437?
76
Calculate the remainder when 13328 is divided by 62.
60
Calculate the remainder when 154945 is divided by 89.
85
Calculate the remainder when 2581 is divided by 11.
7
Calculate the remainder when 995 is divided by 167.
160
Calculate the remainder when 3224 is divided by 292.
12
Calculate the remainder when 908 is divided by 499.
409
What is the remainder when 20795 is divided by 6900?
95
What is the remainder when 248437 is divided by 51?
16
What is the remainder when 5780 is divided by 1922?
14
Calculate the remainder when 1176 is divided by 626.
550
Calculate the remainder when 1179 is divided by 71.
43
Calculate the remainder when 2339 is divided by 4.
3
Calculate the remainder when 32127 is divided by 26.
17
What is the remainder when 86527 is divided by 67?
30
What is the remainder when 5761 is divided by 581?
532
What is the remainder when 328 is divided by 149?
30
What is the remainder when 385491 is divided by 141?
138
Calculate the remainder when 38064 is divided by 122.
0
Calculate the remainder when 7428 is divided by 491.
63
What is the remainder when 119921 is divided by 123?
119
What is the remainder when 19530 is divided by 6506?
12
What is the remainder when 65940 is divided by 29?
23
Calculate the remainder when 2379298 is divided by 15.
13
What is the remainder when 8619 is divided by 1077?
3
Calculate the remainder when 70061 is divided by 58.
55
What is the remainder when 2374 is divided by 61?
56
Calculate the remainder when 43454 is divided by 10862.
6
What is the remainder when 1884728 is divided by 1393?
1392
What is the remainder when 1883 is divided by 378?
371
What is the remainder when 547467 is divided by 63?
60
What is the remainder when 13816038 is divided by 19?
17
What is the remainder when 706 is divided by 198?
112
Calculate the remainder when 70990 is divided by 200.
190
What is the remainder when 7695 is divided by 179?
177
What is the remainder when 16212 is divided by 141?
138
What is the remainder when 1648 is divided by 412?
0
Calculate the remainder when 239 is divided by 66.
41
What is the remainder when 2297 is divided by 379?
23
Calculate the remainder when 10046 is divided by 61.
42
What is the remainder when 2309 is divided by 47?
6
What is the remainder when 292469 is divided by 48743?
11
What is the remainder when 8065 is divided by 2016?
1
What is the remainder when 41666 is divided by 58?
22
What is the remainder when 33262 is divided by 54?
52
What is the remainder when 13023 is divided by 41?
26
Calculate the remainder when 1712 is divided by 55.
7
Calculate the remainder when 2834 is divided by 43.
39
Calculate the remainder when 10907 is divided by 3461.
524
What is the remainder when 14912 is divided by 276?
8
What is the remainder when 18209 is divided by 88?
81
What is the remainder when 37289 is divided by 777?
770
What is the remainder when 15876 is divided by 253?
190
Calculate the remainder when 136729 is divided by 17.
15
What is the remainder when 15992 is divided by 444?
8
Calculate the remainder when 46715 is divided by 7.
4
Calculate the remainder when 753 is divided by 403.
350
What is the remainder when 154314 is divided by 13?
4
Calculate the remainder when 757 is divided by 7.
1
Calculate the remainder when 599 is divided by 298.
3
What is the remainder when 2621429 is divided by 171?
170
Calculate the remainder when 16319 is divided by 96.
95
Calculate the remainder when 1395634 is divided by 436.
434
What is the remainder when 13911 is divided by 309?
6
What is the remainder when 30450 is divided by 6064?
130
What is the remainder when 16855 is divided by 41?
4
Calculate the remainder when 100108 is divided by 443.
433
What is the remainder when 956702 is divided by 56?
54
Calculate the remainder when 61740 is divided by 735.
0
Calculate the remainder when 29833 is divided by 109.
76
Calculate the remainder when 21462 is divided by 330.
12
Calculate the remainder when 1189 is divided by 529.
131
What is the remainder when 30147 is divided by 2315?
52
Calculate the remainder when 18578 is divided by 3711.
23
What is the remainder when 37379 is divided by 5339?
6
What is the remainder when 1108 is divided by 479?
150
Calculate the remainder when 30841 is divided by 1340.
21
Calculate the remainder when 5504 is divided by 200.
104
What is the remainder when 913166 is divided by 16?
14
What is the remainder when 258692 is divided by 90?
32
Calculate the remainder when 32458 is divided by 208.
10
Calculate the remainder when 10459 is divided by 36.
19
Calculate the remainder when 4529657 is divided by 98.
97
Calculate the remainder when 16382 is divided by 16300.
82
What is the remainder when 12516 is divided by 2388?
576
Calculate the remainder when 9579 is divided by 235.
179
Calculate the remainder when 1442 is divided by 47.
32
What is the remainder when 33538 is divided by 360?
58
What is the remainder when 13408 is divided by 149?
147
Calculate the remainder when 73499 is divided by 18368.
27
What is the remainder when 2887 is divided by 961?
4
What is the remainder when 3709 is divided by 500?
209
What is the remainder when 39881 is divided by 525?
506
Calculate the remainder when 79168 is divided by 39580.
8
Calculate the remainder when 37302 is divided by 1695.
12
Calculate the remainder when 132395 is divided by 894.
83
What is the remainder when 74598 is divided by 2072?
6
What is the remainder when 10060 is divided by 29?
26
Calculate the remainder when 1014205 is divided by 95.
80
Calculate the remainder when 5375 is divided by 240.
95
Calculate the remainder when 259177 is divided by 43195.
7
Calculate the remainder when 1636 is divided by 1606.
30
Calculate the remainder when 2568643 is divided by 135.
133
What is the remainder when 5882 is divided by 534?
8
What is the remainder when 6637 is divided by 129?
58
What is the remainder when 6731 is divided by 249?
8
What is the remainder when 1450382 is divided by 8?
6
What is the remainder when 457449 is divided by 1179?
1176
Calculate the remainder when 4723 is divided by 2242.
239
Calculate the remainder when 139526 is divided by 3.
2
Calculate the remainder when 26957 is divided by 43.
39
Calculate the remainder when 628416 is divided by 1571.
16
Calculate the remainder when 3043 is divided by 110.
73
Calculate the remainder when 1234 is divided by 216.
154
What is the remainder when 32836 is divided by 1368?
4
Calculate the remainder when 5180 is divided by 190.
50
Calculate the remainder when 209265 is divided by 12309.
12
What is the remainder when 2175 is divided by 78?
69
What is the remainder when 2181049 is divided by 67?
65
What is the remainder when 201173 is divided by 140?
133
What is the remainder when 239272 is divided by 8545?
12
What is the remainder when 86108 is divided by 184?
180
What is the remainder when 5649 is divided by 50?
49
Calculate the remainder when 16866 is divided by 186.
126
What is the remainder when 14918 is divided by 14911?
7
What is the remainder when 96635 is divided by 16?
11
Calculate the remainder when 1997 is divided by 224.
205
What is the remainder when 24185 is divided by 286?
161
Calculate the remainder when 69460 is divided by 681.
679
Calculate the remainder when 20771 is divided by 10376.
19
Calculate the remainder when 5573 is divided by 2768.
37
Calculate the remainder when 73462 is divided by 36727.
8
Calculate the remainder when 2693 is divided by 376.
61
Calculate the remainder when 928 is divided by 186.
184
Calculate the remainder when 10018 is divided by 72.
10
Calculate the remainder when 90165 is divided by 24.
21
What is the remainder when 1682 is divided by 402?
74
Calculate the remainder when 1054270 is divided by 167.
166
What is the remainder when 1672 is divided by 27?
25
What is the remainder when 84836 is divided by 1225?
311
Calculate the remainder when 2864 is divided by 103.
83
What is the remainder when 19351 is divided by 921?
10
What is the remainder when 2219 is d